{"version":"1.0","provider_name":"Portell de Morella","provider_url":"https:\/\/portelldemorella.org\/ca\/","author_name":"portell","author_url":"https:\/\/portelldemorella.org\/ca\/author\/portell\/","title":"El projecte sostenible de Portell arriba a Gal\u00edcia - Portell de Morella","type":"rich","width":600,"height":338,"html":"<blockquote class=\"wp-embedded-content\" data-secret=\"lS1fUdamLh\"><a href=\"https:\/\/portelldemorella.org\/ca\/el-projecte-sostenible-de-portell-arriba-a-galicia\/\">El projecte sostenible de Portell arriba a Gal\u00edcia<\/a><\/blockquote><iframe sandbox=\"allow-scripts\" security=\"restricted\" src=\"https:\/\/portelldemorella.org\/ca\/el-projecte-sostenible-de-portell-arriba-a-galicia\/embed\/#?secret=lS1fUdamLh\" width=\"600\" height=\"338\" title=\"&#8220;El projecte sostenible de Portell arriba a Gal\u00edcia&#8221; &#8212; Portell de Morella\" data-secret=\"lS1fUdamLh\" frameborder=\"0\" marginwidth=\"0\" marginheight=\"0\" scrolling=\"no\" class=\"wp-embedded-content\"><\/iframe><script type=\"text\/javascript\">\n\/* <![CDATA[ *\/\n\/*! This file is auto-generated *\/\n!function(d,l){\"use strict\";l.querySelector&&d.addEventListener&&\"undefined\"!=typeof URL&&(d.wp=d.wp||{},d.wp.receiveEmbedMessage||(d.wp.receiveEmbedMessage=function(e){var t=e.data;if((t||t.secret||t.message||t.value)&&!\/[^a-zA-Z0-9]\/.test(t.secret)){for(var s,r,n,a=l.querySelectorAll('iframe[data-secret=\"'+t.secret+'\"]'),o=l.querySelectorAll('blockquote[data-secret=\"'+t.secret+'\"]'),c=new RegExp(\"^https?:$\",\"i\"),i=0;i<o.length;i++)o[i].style.display=\"none\";for(i=0;i<a.length;i++)s=a[i],e.source===s.contentWindow&&(s.removeAttribute(\"style\"),\"height\"===t.message?(1e3<(r=parseInt(t.value,10))?r=1e3:~~r<200&&(r=200),s.height=r):\"link\"===t.message&&(r=new URL(s.getAttribute(\"src\")),n=new URL(t.value),c.test(n.protocol))&&n.host===r.host&&l.activeElement===s&&(d.top.location.href=t.value))}},d.addEventListener(\"message\",d.wp.receiveEmbedMessage,!1),l.addEventListener(\"DOMContentLoaded\",function(){for(var e,t,s=l.querySelectorAll(\"iframe.wp-embedded-content\"),r=0;r<s.length;r++)(t=(e=s[r]).getAttribute(\"data-secret\"))||(t=Math.random().toString(36).substring(2,12),e.src+=\"#?secret=\"+t,e.setAttribute(\"data-secret\",t)),e.contentWindow.postMessage({message:\"ready\",secret:t},\"*\")},!1)))}(window,document);\n\/\/# sourceURL=https:\/\/portelldemorella.org\/wp-includes\/js\/wp-embed.min.js\n\/* ]]> *\/\n<\/script>\n","thumbnail_url":"https:\/\/portelldemorella.org\/wp-content\/uploads\/2024\/02\/El-proyecto-sostenible-de-Portell.jpg","thumbnail_width":1296,"thumbnail_height":972,"description":"L&#8217;alcalde de Portell, \u00c1lvaro Ferrer, ha participat en la jornada &#8216;Comunitats Energ\u00e8tiques en el m\u00f3n rural: reptes, oportunitats i realitats. Formant a formadors i decisors&#8217; celebrada en la Universitat de Vigo, Gal\u00edcia. &#8220;L&#8217;objectiu de la jornada era mostrar les oportunitats que s&#8217;obrin en el m\u00f3n rural gr\u00e0cies a la transici\u00f3 energ\u00e8tica i la sostenibilitat ambiental&#8221; [&hellip;]"}

El projecte sostenible de Portell arriba a Galícia - Portell de Morella

<blockquote class="wp-embedded-content" data-secret="lS1fUdamLh"><a href="https://portelldemorella.org/ca/el-projecte-sostenible-de-portell-arriba-a-galicia/">El projecte sostenible de Portell arriba a Galícia</a></blockquote><iframe sandbox="allow-scripts" security="restricted" src="https://portelldemorella.org/ca/el-projecte-sostenible-de-portell-arriba-a-galicia/embed/#?secret=lS1fUdamLh" width="600" height="338" title="&#8220;El projecte sostenible de Portell arriba a Galícia&#8221; &#8212; Portell de Morella" data-secret="lS1fUdamLh" frameborder="0" marginwidth="0" marginheight="0" scrolling="no" class="wp-embedded-content"></iframe><script type="text/javascript">
/* <![CDATA[ */
/*! This file is auto-generated */
!function(d,l){"use strict";l.querySelector&&d.addEventListener&&"undefined"!=typeof URL&&(d.wp=d.wp||{},d.wp.receiveEmbedMessage||(d.wp.receiveEmbedMessage=function(e){var t=e.data;if((t||t.secret||t.message||t.value)&&!/[^a-zA-Z0-9]/.test(t.secret)){for(var s,r,n,a=l.querySelectorAll('iframe[data-secret="'+t.secret+'"]'),o=l.querySelectorAll('blockquote[data-secret="'+t.secret+'"]'),c=new RegExp("^https?:$","i"),i=0;i<o.length;i++)o[i].style.display="none";for(i=0;i<a.length;i++)s=a[i],e.source===s.contentWindow&&(s.removeAttribute("style"),"height"===t.message?(1e3<(r=parseInt(t.value,10))?r=1e3:~~r<200&&(r=200),s.height=r):"link"===t.message&&(r=new URL(s.getAttribute("src")),n=new URL(t.value),c.test(n.protocol))&&n.host===r.host&&l.activeElement===s&&(d.top.location.href=t.value))}},d.addEventListener("message",d.wp.receiveEmbedMessage,!1),l.addEventListener("DOMContentLoaded",function(){for(var e,t,s=l.querySelectorAll("iframe.wp-embedded-content"),r=0;r<s.length;r++)(t=(e=s[r]).getAttribute("data-secret"))||(t=Math.random().toString(36).substring(2,12),e.src+="#?secret="+t,e.setAttribute("data-secret",t)),e.contentWindow.postMessage({message:"ready",secret:t},"*")},!1)))}(window,document);
//# sourceURL=https://portelldemorella.org/wp-includes/js/wp-embed.min.js
/* ]]> */
</script>

L&#8217;alcalde de Portell, Álvaro Ferrer, ha participat en la jornada &#8216;Comunitats Energètiques en el món rural: reptes, oportunitats i realitats. Formant a formadors i decisors&#8217; celebrada en la Universitat de Vigo, Galícia. &#8220;L&#8217;objectiu de la jornada era mostrar les oportunitats que s&#8217;obrin en el món rural gràcies a la transició energètica i la sostenibilitat ambiental&#8221; [&hellip;]
